at is the hundreds digit of 94545346?
3
What is the ten thousands digit of 40359505?
5
What is the units digit of 3603347159?
9
What is the hundred millions digit of 290854032?
2
What is the hundred thousands digit of 618271605?
2
What is the thousands digit of 1005553984?
3
What is the units digit of 46290716?
6
What is the millions digit of 23093588?
3
What is the ten thousands digit of 1900648595?
4
What is the ten thousands digit of 177439097?
3
What is the tens digit of 3949585531?
3
What is the ten millions digit of 428801818?
2
What is the tens digit of 30282471?
7
What is the hundred millions digit of 460228645?
4
What is the tens digit of 841739084?
8
What is the units digit of 136744128?
8
What is the ten thousands digit of 364822690?
2
What is the tens digit of 508329994?
9
What is the millions digit of 182640489?
2
What is the hundred thousands digit of 5312382882?
3
What is the units digit of 2953291889?
9
What is the hundred millions digit of 796399266?
7
What is the millions digit of 80788343?
0
What is the units digit of 212842856?
6
What is the tens digit of 4518575678?
7
What is the ten thousands digit of 201014533?
1
What is the thousands digit of 1722077474?
7
What is the tens digit of 22152663?
6
What is the ten millions digit of 602416972?
0
What is the hundred millions digit of 149453564?
1
What is the thousands digit of 511398758?
8
What is the tens digit of 937117237?
3
What is the units digit of 570295333?
3
What is the ten thousands digit of 49290897?
9
What is the hundreds digit of 37802911?
9
What is the units digit of 54727278?
8
What is the millions digit of 581681115?
1
What is the thousands digit of 41682282?
2
What is the thousands digit of 102901159?
1
What is the hundreds digit of 17256753?
7
What is the hundred thousands digit of 1936639488?
6
What is the ten thousands digit of 998320773?
2
What is the hundreds digit of 57294419?
4
What is the billions digit of 1795473780?
1
What is the ten millions digit of 1098948559?
9
What is the hundreds digit of 781893670?
6
What is the ten thousands digit of 304233982?
3
What is the hundred thousands digit of 646082028?
0
What is the thousands digit of 71560299?
0
What is the millions digit of 388691032?
8
What is the ten thousands digit of 13175678?
7
What is the hundred millions digit of 138651841?
1
What is the units digit of 1563046944?
4
What is the hundreds digit of 767707318?
3
What is the millions digit of 3229842?
3
What is the millions digit of 7709225042?
9
What is the millions digit of 784743539?
4
What is the tens digit of 764552736?
3
What is the millions digit of 4110084786?
0
What is the units digit of 195471767?
7
What is the hundred thousands digit of 195088452?
0
What is the tens digit of 547755767?
6
What is the ten thousands digit of 8835622?
3
What is the tens digit of 201223918?
1
What is the thousands digit of 71302006?
2
What is the millions digit of 2945876313?
5
What is the millions digit of 49283432?
9
What is the hundreds digit of 712993?
9
What is the hundred millions digit of 112075358?
1
What is the ten thousands digit of 4694076121?
7
What is the ten millions digit of 882405554?
8
What is the millions digit of 12215937?
2
What is the millions digit of 5809006230?
9
What is the billions digit of 3928994099?
3
What is the millions digit of 37352237?
7
What is the ten thousands digit of 109155723?
5
What is the ten millions digit of 1334598770?
3
What is the hundred thousands digit of 329879484?
8
What is the ten thousands digit of 1986468377?
6
What is the millions digit of 172822355?
2
What is the units digit of 29180934?
4
What is the ten millions digit of 1192387182?
9
What is the hundred thousands digit of 285524387?
5
What is the hundred thousands digit of 681663969?
6
What is the ten thousands digit of 2977731?
7
What is the units digit of 414945481?
1
What is the hundreds digit of 931342256?
2
What is the hundreds digit of 1485768865?
8
What is the tens digit of 7106853?
5
What is the units digit of 1476665863?
3
What is the tens digit of 3226602?
0
What is the thousands digit of 77760751?
0
What is the ten millions digit of 706801022?
0
What is the tens digit of 546373933?
3
What is the hundred millions digit of 467184723?
4
What is the hundreds digit of 151103672?
6
What is the thousands digit of 293344485?
4
What is the billions digit of 2514355416?
2
What is the thousands digit of 49902637?
2
What is the hundred millions digit of 682451331?
6
What is the tens digit of 6063847978?
7
What is the ten millions digit of 670080643?
7
What is the billions digit of 2642995266?
2
What is the units digit of 57532000?
0
What is the thousands digit of 2486805841?
5
What is the units digit of 2082300692?
2
What is the units digit of 6372116059?
9
What is the units digit of 349550112?
2
What is the ten thousands digit of 2653162690?
6
What is the millions digit of 558527218?
8
What is the ten millions digit of 1524295922?
2
What is the ten thousands digit of 2615902027?
0
What is the thousands digit of 7711646563?
6
What is the thousands digit of 30050584?
0
What is the hundred millions digit of 1467295640?
4
What is the thousands digit of 2902400803?
0
What is the thousands digit of 157273728?
3
What is the ten thousands digit of 89201780?
0
What is the thousands digit of 10711777?
1
What is the billions digit of 4174379318?
4
What is the hundred thousands digit of 12725903?
7
What is the hundreds digit of 95254094?
0
What is the ten thousands digit of 24781696?
8
What is the tens digit of 108632620?
2
What is the hundreds digit of 17957302?
3
What is the millions digit of 2463482971?
3
What is the hundred thousands digit of 81293486?
2
What is the tens digit of 57982414?
1
What is the ten thousands digit of 4106397832?
9
What is the ten millions digit of 26746677?
2
What is the ten millions digit of 83789187?
8
What is the millions digit of 946495073?
6
What is the hundred thousands digit of 9617081?
6
What is the hundreds digit of 1682103242?
2
What is the hundred millions digit of 335371768?
3
What is the millions digit of 1026451067?
6
What is the ten thousands digit of 1267302258?
0
What is the hundreds digit of 661972721?
7
What is the units digit of 808759021?
1
What is the tens digit of 77445573?
7
What is the units digit of 1666752116?
6
What is the ten thousands digit of 3753826662?
2
What is the hundred millions digit of 417027088?
4
What is the ten thousands digit of 717673706?
7
What is the units digit of 187120310?
0
What is the thousands digit of 18049157?
9
What is the units digit of 297938588?
8
What is the hundreds digit of 2577923327?
3
What is the units digit of 3750314755?
5
What is the hundred millions digit of 338796377?
3
What is the hundred thousands digit of 41065269?
0
What is the ten millions digit of 2073753908?
7
What is the hundred thousands digit of 5886960?
8
What is the hundreds digit of 35908456?
4
What is the units digit of 49033851?
1
What is the ten millions digit of 541904555?
4
What is the hundreds digit of 2291359394?
3
What is the thousands digit of 47618516?
8
What is the tens digit of 618991270?
7
What is the ten millions digit of 41915140?
4
What is the ten millions digit of 63868246?
6
What is the ten thousands digit of 152545206?
4
What is the thousands digit of 3102615515?
5
What is the tens digit of 75503977?
7
What is the billions digit of 1067154593?
1
What is the ten millions digit of 721890591?
2
What is the tens digit of 2828820318?
1
What is the ten millions digit of 105020360?
0
What is the ten thousands digit of 2870060153?
6
What is the tens digit of 12517976?
7
What is the ten millions digit of 619036234?
1
What is the hundred millions digit of 1797062844?
7
What is the ten millions digit of 805382502?
0
What is the units digit of 99136498?
8
What is the hundred millions digit of 216896402?
2
What is the ten millions digit of 218848390?
1
What is the hundred thousands digit of 238922525?
9
What is the ten millions digit of 227024591?
2
What is the hundred millions digit of 3556593549?
5
What is the ten millions digit of 871577543?
7
What is the thousands digit of 10408189?
8
What is the ten thousands digit of 115393337?
9
What is the ten thousands digit of 13979435?
7
What is